{"id":633,"date":"2016-02-24T12:21:39","date_gmt":"2016-02-24T17:21:39","guid":{"rendered":"https:\/\/cert.pa\/?page_id=633"},"modified":"2023-11-01T10:33:58","modified_gmt":"2023-11-01T15:33:58","slug":"calendario-de-cursos","status":"publish","type":"page","link":"https:\/\/cert.pa\/?page_id=633","title":{"rendered":"Calendario de Cursos"},"content":{"rendered":"\n<figure class=\"wp-block-table\"><table><tbody><tr><td>\n<h5>Mes<\/h5>\n<\/td><td>\n<h5>Descripci\u00f3n del Curso<\/h5>\n<\/td><td>\n<h5>Duraci\u00f3n<\/h5>\n<\/td><td>\n<h5>Inicio<\/h5>\n<\/td><td>\n<h5>Fin<\/h5>\n<\/td><td>\n<h5>Horario<\/h5>\n<\/td><td>\n<h5>Dirigido a<\/h5>\n<\/td><td>\n<h5>Prerequisito<\/h5>\n<\/td><\/tr><tr><td> <h6><br><\/h6> <\/td><td>\n<h6>Fundamentos de Seguridad Inform\u00e1tica I<\/h6>\n<\/td><td>\n<h6>24 horas<\/h6>\n<\/td><td> <h6><br><\/h6> <\/td><td> <h6><br><\/h6> <\/td><td>\n<h6>8:00AM 4:00PM<\/h6>\n<\/td><td>\n<h6>Personal de Seguridad Inform\u00e1tica<\/h6>\n<\/td><td>\n<h6>Conocimiento del ambiente de seguridad y soporte t\u00e9cnico dentro de la instituci\u00f3n<\/h6>\n<\/td><\/tr><tr><td> <h6><br><\/h6> <\/td><td>\n<h6>Fundamentos de Seguridad Inform\u00e1tica II<\/h6>\n<\/td><td>\n<h6>24 horas<\/h6>\n<\/td><td> <h6><br><\/h6> <\/td><td> <h6><br><\/h6> <\/td><td>\n<h6>8:00AM 4:00PM<\/h6>\n<\/td><td>\n<h6>Personal de Seguridad Inform\u00e1tica<\/h6>\n<\/td><td>\n<h6>Completado el curso de Fundamentos de Seguridad Inform\u00e1tica I<\/h6>\n<\/td><\/tr><\/tbody><\/table><\/figure>\n\n\n\n<p><strong>Nota Importante: <\/strong>Actualmente no contamos con fechas disponibles para estos cursos. <\/p>\n","protected":false},"excerpt":{"rendered":"<p>Mes Descripci\u00f3n del Curso Duraci\u00f3n Inicio Fin Horario Dirigido a Prerequisito Fundamentos de Seguridad Inform\u00e1tica I 24 horas 8:00AM 4:00PM Personal de Seguridad Inform\u00e1tica Conocimiento del ambiente de seguridad y soporte t\u00e9cnico dentro de la&#8230;<\/p>\n","protected":false},"author":4,"featured_media":0,"parent":0,"menu_order":0,"comment_status":"closed","ping_status":"closed","template":"","meta":{"om_disable_all_campaigns":false,"_monsterinsights_skip_tracking":false,"_monsterinsights_sitenote_active":false,"_monsterinsights_sitenote_note":"","_monsterinsights_sitenote_category":0,"_uf_show_specific_survey":0,"_uf_disable_surveys":false,"footnotes":""},"class_list":["post-633","page","type-page","status-publish","hentry"],"aioseo_notices":[],"_links":{"self":[{"href":"https:\/\/cert.pa\/index.php?rest_route=\/wp\/v2\/pages\/633","targetHints":{"allow":["GET"]}}],"collection":[{"href":"https:\/\/cert.pa\/index.php?rest_route=\/wp\/v2\/pages"}],"about":[{"href":"https:\/\/cert.pa\/index.php?rest_route=\/wp\/v2\/types\/page"}],"author":[{"embeddable":true,"href":"https:\/\/cert.pa\/index.php?rest_route=\/wp\/v2\/users\/4"}],"replies":[{"embeddable":true,"href":"https:\/\/cert.pa\/index.php?rest_route=%2Fwp%2Fv2%2Fcomments&post=633"}],"version-history":[{"count":31,"href":"https:\/\/cert.pa\/index.php?rest_route=\/wp\/v2\/pages\/633\/revisions"}],"predecessor-version":[{"id":3632,"href":"https:\/\/cert.pa\/index.php?rest_route=\/wp\/v2\/pages\/633\/revisions\/3632"}],"wp:attachment":[{"href":"https:\/\/cert.pa\/index.php?rest_route=%2Fwp%2Fv2%2Fmedia&parent=633"}],"curies":[{"name":"wp","href":"https:\/\/api.w.org\/{rel}","templated":true}]}}