{"id":33,"date":"2015-07-28T14:06:06","date_gmt":"2015-07-28T14:06:06","guid":{"rendered":"http:\/\/10.252.76.154\/?page_id=33"},"modified":"2023-07-10T09:51:48","modified_gmt":"2023-07-10T14:51:48","slug":"sobre-nosotros","status":"publish","type":"page","link":"https:\/\/cert.pa\/?page_id=33","title":{"rendered":"Sobre nosotros"},"content":{"rendered":"\n<div class=\"wp-block-columns is-layout-flex wp-container-core-columns-is-layout-9d6595d7 wp-block-columns-is-layout-flex\">\n<div class=\"wp-block-column is-layout-flow wp-block-column-is-layout-flow\">\n<figure class=\"wp-block-image size-large\"><a href=\"https:\/\/cert.pa\/wp-content\/uploads\/2023\/07\/csirt.jpg\"><img loading=\"lazy\" decoding=\"async\" width=\"1024\" height=\"494\" src=\"https:\/\/cert.pa\/wp-content\/uploads\/2023\/07\/csirt-1024x494.jpg\" alt=\"\" class=\"wp-image-3409\" srcset=\"https:\/\/cert.pa\/wp-content\/uploads\/2023\/07\/csirt-1024x494.jpg 1024w, https:\/\/cert.pa\/wp-content\/uploads\/2023\/07\/csirt-300x145.jpg 300w, https:\/\/cert.pa\/wp-content\/uploads\/2023\/07\/csirt-768x370.jpg 768w, https:\/\/cert.pa\/wp-content\/uploads\/2023\/07\/csirt-1536x741.jpg 1536w, https:\/\/cert.pa\/wp-content\/uploads\/2023\/07\/csirt-2048x988.jpg 2048w\" sizes=\"auto, (max-width: 1024px) 100vw, 1024px\" \/><\/a><\/figure>\n<\/div>\n\n\n\n<div class=\"wp-block-column is-layout-flow wp-block-column-is-layout-flow\">\n<p><strong>CSIRT PANAMA (<em>Computer Security Incident Response Team<\/em>)<\/strong> es el equipo nacional de respuesta a incidentes de seguridad de la informaci\u00f3n de Panam\u00e1. Entre sus objetivos est\u00e1n la prevenci\u00f3n, tratamiento, identificaci\u00f3n y resoluci\u00f3n de ataques a incidentes de seguridad sobre los sistemas inform\u00e1ticos que conforman la infraestructura cr\u00edtica del pa\u00eds y el acceso a la informaci\u00f3n de parte de los ciudadanos de Panam\u00e1.<\/p>\n<\/div>\n<\/div>\n\n\n<p style=\"text-align: justify;\">Tambi\u00e9n tenemos como misi\u00f3n coordinar, colaborar, y proponer normas destinadas a incrementar los esfuerzos orientados a elevar los niveles de seguridad en los recursos y sistemas relacionados con las tecnolog\u00edas inform\u00e1ticas y de comunicaciones de las entidades gubernamentales.<\/p>\n<p style=\"text-align: justify;\">Este proyecto se propone fortalecer la difusi\u00f3n, el conocimiento y atenci\u00f3n de suceso de Seguridad Inform\u00e1tica del Estado. Con la coordinaci\u00f3n y colaboraci\u00f3n de los estamentos para la resoluci\u00f3n de incidentes de seguridad de la informaci\u00f3n y comunicaci\u00f3n.<\/p>\n<p style=\"text-align: justify;\">\u00a0<\/p>","protected":false},"excerpt":{"rendered":"<p>CSIRT PANAMA (Computer Security Incident Response Team) es el equipo nacional de respuesta a incidentes de seguridad de la informaci\u00f3n de Panam\u00e1. Entre sus objetivos est\u00e1n la prevenci\u00f3n, tratamiento, identificaci\u00f3n y resoluci\u00f3n de ataques a&#8230;<\/p>\n","protected":false},"author":3,"featured_media":0,"parent":0,"menu_order":20,"comment_status":"closed","ping_status":"open","template":"","meta":{"om_disable_all_campaigns":false,"_monsterinsights_skip_tracking":false,"_monsterinsights_sitenote_active":false,"_monsterinsights_sitenote_note":"","_monsterinsights_sitenote_category":0,"_uf_show_specific_survey":0,"_uf_disable_surveys":false,"footnotes":""},"class_list":["post-33","page","type-page","status-publish","hentry"],"aioseo_notices":[],"_links":{"self":[{"href":"https:\/\/cert.pa\/index.php?rest_route=\/wp\/v2\/pages\/33","targetHints":{"allow":["GET"]}}],"collection":[{"href":"https:\/\/cert.pa\/index.php?rest_route=\/wp\/v2\/pages"}],"about":[{"href":"https:\/\/cert.pa\/index.php?rest_route=\/wp\/v2\/types\/page"}],"author":[{"embeddable":true,"href":"https:\/\/cert.pa\/index.php?rest_route=\/wp\/v2\/users\/3"}],"replies":[{"embeddable":true,"href":"https:\/\/cert.pa\/index.php?rest_route=%2Fwp%2Fv2%2Fcomments&post=33"}],"version-history":[{"count":8,"href":"https:\/\/cert.pa\/index.php?rest_route=\/wp\/v2\/pages\/33\/revisions"}],"predecessor-version":[{"id":3411,"href":"https:\/\/cert.pa\/index.php?rest_route=\/wp\/v2\/pages\/33\/revisions\/3411"}],"wp:attachment":[{"href":"https:\/\/cert.pa\/index.php?rest_route=%2Fwp%2Fv2%2Fmedia&parent=33"}],"curies":[{"name":"wp","href":"https:\/\/api.w.org\/{rel}","templated":true}]}}