{"id":2190,"date":"2020-06-26T12:37:06","date_gmt":"2020-06-26T17:37:06","guid":{"rendered":"https:\/\/cert.pa\/?page_id=2190"},"modified":"2022-02-03T10:06:10","modified_gmt":"2022-02-03T15:06:10","slug":"teletrabajo-seguro","status":"publish","type":"page","link":"https:\/\/cert.pa\/?page_id=2190","title":{"rendered":"Teletrabajo Seguro"},"content":{"rendered":"\n<p>En nuestro pa\u00eds\ncontamos con la Ley 76 que regula el teletrabajo en Panam\u00e1, que establece que\nel trabajador tendr\u00e1 todos los derechos y obligaciones inherentes al trabajador\nestablecido en el C\u00f3digo de Trabajo, en medio de pandemia esta modalidad de\ntrabajo fue utilizada por muchas empresas.<\/p>\n\n\n\n<p>Una vez establecido esta modalidad de teletrabajo, el trabajador y la empresa deben estar consciente de los riesgos que involucra esta nueva alternativa laboral, la cual fue resuelta de forma urgente. Por ello, desde el CSIRT iniciamos nuestra campa\u00f1a \u201cTeletrabajo Seguro\u201d, compartiendo consejos y sugerencias en relaci\u00f3n a la seguridad inform\u00e1tica y la de la informaci\u00f3n. \u00a0<\/p>\n\n\n\n<p> Este contenido es de uso p\u00fablico.  <\/p>\n\n\n<style type=\"text\/css\">\n#foogallery-gallery-2153 .fg-image { width: 150px; }\n#foogallery-gallery-2153 { --fg-gutter: 10px; }<\/style>\n\t\t\t<div class=\"foogallery foogallery-container foogallery-default foogallery-lightbox-none fg-center fg-default fg-ready fg-light fg-border-thin fg-shadow-outline fg-loading-default fg-loaded-fade-in fg-caption-hover fg-hover-fade fg-hover-zoom\" id=\"foogallery-gallery-2153\" data-foogallery=\"{&quot;item&quot;:{&quot;showCaptionTitle&quot;:true,&quot;showCaptionDescription&quot;:true},&quot;lazy&quot;:true}\" style=\"--fg-title-line-clamp: 0; --fg-description-line-clamp: 0;\" >\n\t<div class=\"fg-item fg-type-image fg-idle\"><figure class=\"fg-item-inner\"><a href=\"https:\/\/cert.pa\/wp-content\/uploads\/2025\/09\/Trabajo_Seguro-5.jpg\" data-attachment-id=\"4739\" data-e-disable-page-transition=\"true\" data-type=\"image\" class=\"fg-thumb\"><span class=\"fg-image-wrap\"><img decoding=\"async\" width=\"150\" height=\"150\" class=\"skip-lazy fg-image\" data-src-fg=\"https:\/\/cert.pa\/wp-content\/uploads\/cache\/2025\/09\/Trabajo_Seguro-5\/2803498062.jpg\" src=\"data:image\/svg+xml,%3Csvg%20xmlns%3D%22http%3A%2F%2Fwww.w3.org%2F2000%2Fsvg%22%20width%3D%22150%22%20height%3D%22150%22%20viewBox%3D%220%200%20150%20150%22%3E%3C%2Fsvg%3E\" loading=\"eager\"><\/span><span class=\"fg-image-overlay\"><\/span><\/a><\/figure><div class=\"fg-loader\"><\/div><\/div><div class=\"fg-item fg-type-image fg-idle\"><figure class=\"fg-item-inner\"><a href=\"https:\/\/cert.pa\/wp-content\/uploads\/2025\/09\/Trabajo_Seguro-4.jpg\" data-attachment-id=\"4738\" data-e-disable-page-transition=\"true\" data-type=\"image\" class=\"fg-thumb\"><span class=\"fg-image-wrap\"><img decoding=\"async\" width=\"150\" height=\"150\" class=\"skip-lazy fg-image\" data-src-fg=\"https:\/\/cert.pa\/wp-content\/uploads\/cache\/2025\/09\/Trabajo_Seguro-4\/3127697399.jpg\" src=\"data:image\/svg+xml,%3Csvg%20xmlns%3D%22http%3A%2F%2Fwww.w3.org%2F2000%2Fsvg%22%20width%3D%22150%22%20height%3D%22150%22%20viewBox%3D%220%200%20150%20150%22%3E%3C%2Fsvg%3E\" loading=\"eager\"><\/span><span class=\"fg-image-overlay\"><\/span><\/a><\/figure><div class=\"fg-loader\"><\/div><\/div><div class=\"fg-item fg-type-image fg-idle\"><figure class=\"fg-item-inner\"><a href=\"https:\/\/cert.pa\/wp-content\/uploads\/2025\/09\/Trabajo_Seguro-3.jpg\" data-attachment-id=\"4737\" data-e-disable-page-transition=\"true\" data-type=\"image\" class=\"fg-thumb\"><span class=\"fg-image-wrap\"><img decoding=\"async\" width=\"150\" height=\"150\" class=\"skip-lazy fg-image\" data-src-fg=\"https:\/\/cert.pa\/wp-content\/uploads\/cache\/2025\/09\/Trabajo_Seguro-3\/3496686501.jpg\" src=\"data:image\/svg+xml,%3Csvg%20xmlns%3D%22http%3A%2F%2Fwww.w3.org%2F2000%2Fsvg%22%20width%3D%22150%22%20height%3D%22150%22%20viewBox%3D%220%200%20150%20150%22%3E%3C%2Fsvg%3E\" loading=\"eager\"><\/span><span class=\"fg-image-overlay\"><\/span><\/a><\/figure><div class=\"fg-loader\"><\/div><\/div><div class=\"fg-item fg-type-image fg-idle\"><figure class=\"fg-item-inner\"><a href=\"https:\/\/cert.pa\/wp-content\/uploads\/2025\/09\/Trabajo_Seguro-2.jpg\" data-attachment-id=\"4736\" data-e-disable-page-transition=\"true\" data-type=\"image\" class=\"fg-thumb\"><span class=\"fg-image-wrap\"><img decoding=\"async\" width=\"150\" height=\"150\" class=\"skip-lazy fg-image\" data-src-fg=\"https:\/\/cert.pa\/wp-content\/uploads\/cache\/2025\/09\/Trabajo_Seguro-2\/3441299484.jpg\" src=\"data:image\/svg+xml,%3Csvg%20xmlns%3D%22http%3A%2F%2Fwww.w3.org%2F2000%2Fsvg%22%20width%3D%22150%22%20height%3D%22150%22%20viewBox%3D%220%200%20150%20150%22%3E%3C%2Fsvg%3E\" loading=\"eager\"><\/span><span class=\"fg-image-overlay\"><\/span><\/a><\/figure><div class=\"fg-loader\"><\/div><\/div><div class=\"fg-item fg-type-image fg-idle\"><figure class=\"fg-item-inner\"><a href=\"https:\/\/cert.pa\/wp-content\/uploads\/2025\/09\/Trabajo_Seguro-1.jpg\" data-attachment-id=\"4735\" data-e-disable-page-transition=\"true\" data-type=\"image\" class=\"fg-thumb\"><span class=\"fg-image-wrap\"><img decoding=\"async\" width=\"150\" height=\"150\" class=\"skip-lazy fg-image\" data-src-fg=\"https:\/\/cert.pa\/wp-content\/uploads\/cache\/2025\/09\/Trabajo_Seguro-1\/3934352599.jpg\" src=\"data:image\/svg+xml,%3Csvg%20xmlns%3D%22http%3A%2F%2Fwww.w3.org%2F2000%2Fsvg%22%20width%3D%22150%22%20height%3D%22150%22%20viewBox%3D%220%200%20150%20150%22%3E%3C%2Fsvg%3E\" loading=\"eager\"><\/span><span class=\"fg-image-overlay\"><\/span><\/a><\/figure><div class=\"fg-loader\"><\/div><\/div><\/div>\n\n\n\n\n<p><\/p>\n","protected":false},"excerpt":{"rendered":"<p>En nuestro pa\u00eds contamos con la Ley 76 que regula el teletrabajo en Panam\u00e1, que establece que el trabajador tendr\u00e1 todos los derechos y obligaciones inherentes al trabajador establecido en el C\u00f3digo de Trabajo, en&#8230;<\/p>\n","protected":false},"author":7,"featured_media":0,"parent":0,"menu_order":0,"comment_status":"closed","ping_status":"closed","template":"","meta":{"om_disable_all_campaigns":false,"_monsterinsights_skip_tracking":false,"_monsterinsights_sitenote_active":false,"_monsterinsights_sitenote_note":"","_monsterinsights_sitenote_category":0,"_uf_show_specific_survey":0,"_uf_disable_surveys":false,"footnotes":""},"class_list":["post-2190","page","type-page","status-publish","hentry"],"_links":{"self":[{"href":"https:\/\/cert.pa\/index.php?rest_route=\/wp\/v2\/pages\/2190","targetHints":{"allow":["GET"]}}],"collection":[{"href":"https:\/\/cert.pa\/index.php?rest_route=\/wp\/v2\/pages"}],"about":[{"href":"https:\/\/cert.pa\/index.php?rest_route=\/wp\/v2\/types\/page"}],"author":[{"embeddable":true,"href":"https:\/\/cert.pa\/index.php?rest_route=\/wp\/v2\/users\/7"}],"replies":[{"embeddable":true,"href":"https:\/\/cert.pa\/index.php?rest_route=%2Fwp%2Fv2%2Fcomments&post=2190"}],"version-history":[{"count":4,"href":"https:\/\/cert.pa\/index.php?rest_route=\/wp\/v2\/pages\/2190\/revisions"}],"predecessor-version":[{"id":2991,"href":"https:\/\/cert.pa\/index.php?rest_route=\/wp\/v2\/pages\/2190\/revisions\/2991"}],"wp:attachment":[{"href":"https:\/\/cert.pa\/index.php?rest_route=%2Fwp%2Fv2%2Fmedia&parent=2190"}],"curies":[{"name":"wp","href":"https:\/\/api.w.org\/{rel}","templated":true}]}}