{"id":1535,"date":"2019-10-31T11:28:32","date_gmt":"2019-10-31T16:28:32","guid":{"rendered":"https:\/\/cert.pa\/?page_id=1535"},"modified":"2026-03-24T15:22:56","modified_gmt":"2026-03-24T20:22:56","slug":"infografias","status":"publish","type":"page","link":"https:\/\/cert.pa\/?page_id=1535","title":{"rendered":"Sitios Web"},"content":{"rendered":"\n<div class=\"wp-block-columns is-layout-flex wp-container-core-columns-is-layout-9d6595d7 wp-block-columns-is-layout-flex\">\n<div class=\"wp-block-column is-layout-flow wp-block-column-is-layout-flow\">\n<figure class=\"wp-block-image size-full\"><a href=\"https:\/\/cert.pa\/wp-content\/uploads\/2019\/11\/Infograf\u00eda-Verificaci\u00f3n-de-Seguridad-WordPress_compressed.pdf\" target=\"_blank\" rel=\"noreferrer noopener\"><img fetchpriority=\"high\" decoding=\"async\" width=\"500\" height=\"500\" src=\"https:\/\/cert.pa\/wp-content\/uploads\/2025\/02\/14-1.png\" alt=\"\" class=\"wp-image-4484\" srcset=\"https:\/\/cert.pa\/wp-content\/uploads\/2025\/02\/14-1.png 500w, https:\/\/cert.pa\/wp-content\/uploads\/2025\/02\/14-1-300x300.png 300w, https:\/\/cert.pa\/wp-content\/uploads\/2025\/02\/14-1-150x150.png 150w\" sizes=\"(max-width: 500px) 100vw, 500px\" \/><\/a><\/figure>\n\n\n\n<p>Infograf\u00eda: <a href=\"https:\/\/cert.pa\/wp-content\/uploads\/2019\/11\/Infograf\u00eda-Verificaci\u00f3n-de-Seguridad-WordPress_compressed.pdf\" target=\"_blank\" rel=\"noopener\" title=\"\">WORDPRESS<\/a><\/p>\n<\/div>\n\n\n\n<div class=\"wp-block-column is-layout-flow wp-block-column-is-layout-flow\">\n<figure class=\"wp-block-image size-full\"><a href=\"https:\/\/cert.pa\/wp-content\/uploads\/2019\/11\/Infograf\u00eda-Verificaci\u00f3n-de-Seguridad-Joomla.pdf\" target=\"_blank\" rel=\"noreferrer noopener\"><img fetchpriority=\"high\" decoding=\"async\" width=\"500\" height=\"500\" src=\"https:\/\/cert.pa\/wp-content\/uploads\/2025\/02\/14-1.png\" alt=\"\" class=\"wp-image-4484\" srcset=\"https:\/\/cert.pa\/wp-content\/uploads\/2025\/02\/14-1.png 500w, https:\/\/cert.pa\/wp-content\/uploads\/2025\/02\/14-1-300x300.png 300w, https:\/\/cert.pa\/wp-content\/uploads\/2025\/02\/14-1-150x150.png 150w\" sizes=\"(max-width: 500px) 100vw, 500px\" \/><\/a><\/figure>\n\n\n\n<p>Infograf\u00eda: <a href=\"https:\/\/cert.pa\/wp-content\/uploads\/2019\/11\/Infograf\u00eda-Verificaci\u00f3n-de-Seguridad-Joomla.pdf\" target=\"_blank\" rel=\"noopener\" title=\"\">JOOMLA<\/a><\/p>\n<\/div>\n\n\n\n<div class=\"wp-block-column is-layout-flow wp-block-column-is-layout-flow\">\n<figure class=\"wp-block-image size-full\"><a href=\"https:\/\/cert.pa\/wp-content\/uploads\/2019\/11\/Infograf\u00eda-Verificaci\u00f3n-de-Seguridad-Drupal_compressed.pdf\" target=\"_blank\" rel=\"noreferrer noopener\"><img fetchpriority=\"high\" decoding=\"async\" width=\"500\" height=\"500\" src=\"https:\/\/cert.pa\/wp-content\/uploads\/2025\/02\/14-1.png\" alt=\"\" class=\"wp-image-4484\" srcset=\"https:\/\/cert.pa\/wp-content\/uploads\/2025\/02\/14-1.png 500w, https:\/\/cert.pa\/wp-content\/uploads\/2025\/02\/14-1-300x300.png 300w, https:\/\/cert.pa\/wp-content\/uploads\/2025\/02\/14-1-150x150.png 150w\" sizes=\"(max-width: 500px) 100vw, 500px\" \/><\/a><\/figure>\n\n\n\n<p>Infograf\u00eda: <a href=\"https:\/\/cert.pa\/wp-content\/uploads\/2019\/11\/Infograf\u00eda-Verificaci\u00f3n-de-Seguridad-Drupal_compressed.pdf\" target=\"_blank\" rel=\"noopener\" title=\"\">DRUPAL<\/a><\/p>\n<\/div>\n<\/div>\n\n\n\n<hr class=\"wp-block-separator has-alpha-channel-opacity is-style-dots\"\/>\n\n\n\n<div class=\"wp-block-columns is-layout-flex wp-container-core-columns-is-layout-9d6595d7 wp-block-columns-is-layout-flex\">\n<div class=\"wp-block-column is-layout-flow wp-block-column-is-layout-flow\">\n<figure class=\"wp-block-image size-full\"><a href=\"https:\/\/cert.pa\/wp-content\/uploads\/2025\/03\/TOP_10_OWASP.pdf\" target=\"_blank\" rel=\"noreferrer noopener\"><img fetchpriority=\"high\" decoding=\"async\" width=\"500\" height=\"500\" src=\"https:\/\/cert.pa\/wp-content\/uploads\/2025\/02\/14-1.png\" alt=\"\" class=\"wp-image-4484\" srcset=\"https:\/\/cert.pa\/wp-content\/uploads\/2025\/02\/14-1.png 500w, https:\/\/cert.pa\/wp-content\/uploads\/2025\/02\/14-1-300x300.png 300w, https:\/\/cert.pa\/wp-content\/uploads\/2025\/02\/14-1-150x150.png 150w\" sizes=\"(max-width: 500px) 100vw, 500px\" \/><\/a><\/figure>\n\n\n\n<p>Infograf\u00eda: <a href=\"https:\/\/cert.pa\/wp-content\/uploads\/2025\/03\/TOP_10_OWASP.pdf\" target=\"_blank\" rel=\"noopener\" title=\"\">Top_10_OWASP<\/a><\/p>\n\n\n\n<figure class=\"wp-block-image size-full\"><a href=\"https:\/\/cert.pa\/wp-content\/uploads\/2025\/03\/TOP_10_OWASP.pdf\" target=\"_blank\" rel=\"noreferrer noopener\"><img fetchpriority=\"high\" decoding=\"async\" width=\"500\" height=\"500\" src=\"https:\/\/cert.pa\/wp-content\/uploads\/2025\/02\/14-1.png\" alt=\"\" class=\"wp-image-4484\" srcset=\"https:\/\/cert.pa\/wp-content\/uploads\/2025\/02\/14-1.png 500w, https:\/\/cert.pa\/wp-content\/uploads\/2025\/02\/14-1-300x300.png 300w, https:\/\/cert.pa\/wp-content\/uploads\/2025\/02\/14-1-150x150.png 150w\" sizes=\"(max-width: 500px) 100vw, 500px\" \/><\/a><\/figure>\n\n\n\n<p>Infograf\u00eda:<a href=\"https:\/\/cert.pa\/wp-content\/uploads\/2026\/03\/Wordpress_infografia.pdf\" target=\"_blank\" rel=\"noopener\" title=\"\"> WordPress<\/a><\/p>\n<\/div>\n\n\n\n<div class=\"wp-block-column is-layout-flow wp-block-column-is-layout-flow\">\n<figure class=\"wp-block-image size-full\"><a href=\"https:\/\/cert.pa\/wp-content\/uploads\/2026\/02\/Infografia-Linux.pdf\" target=\"_blank\" rel=\" noreferrer noopener\"><img fetchpriority=\"high\" decoding=\"async\" width=\"500\" height=\"500\" src=\"https:\/\/cert.pa\/wp-content\/uploads\/2025\/02\/14-1.png\" alt=\"\" class=\"wp-image-4484\" srcset=\"https:\/\/cert.pa\/wp-content\/uploads\/2025\/02\/14-1.png 500w, https:\/\/cert.pa\/wp-content\/uploads\/2025\/02\/14-1-300x300.png 300w, https:\/\/cert.pa\/wp-content\/uploads\/2025\/02\/14-1-150x150.png 150w\" sizes=\"(max-width: 500px) 100vw, 500px\" \/><\/a><\/figure>\n\n\n\n<p>Infograf\u00eda: <a href=\"https:\/\/cert.pa\/wp-content\/uploads\/2026\/02\/Infografia-Linux.pdf\" target=\"_blank\" rel=\"noopener\" title=\"\">Servidores Web Linux<\/a><\/p>\n\n\n\n<hr class=\"wp-block-separator has-alpha-channel-opacity is-style-dots\"\/>\n<\/div>\n\n\n\n<div class=\"wp-block-column is-layout-flow wp-block-column-is-layout-flow\">\n<figure class=\"wp-block-image size-full\"><a href=\"https:\/\/cert.pa\/wp-content\/uploads\/2025\/02\/Purpura-Moderno-Tecnologia-y-Videojuegos-Logotipo-1.jpg\"><img decoding=\"async\" width=\"500\" height=\"500\" src=\"https:\/\/cert.pa\/wp-content\/uploads\/2025\/02\/Purpura-Moderno-Tecnologia-y-Videojuegos-Logotipo-1.jpg\" alt=\"\" class=\"wp-image-4450\" srcset=\"https:\/\/cert.pa\/wp-content\/uploads\/2025\/02\/Purpura-Moderno-Tecnologia-y-Videojuegos-Logotipo-1.jpg 500w, https:\/\/cert.pa\/wp-content\/uploads\/2025\/02\/Purpura-Moderno-Tecnologia-y-Videojuegos-Logotipo-1-300x300.jpg 300w, https:\/\/cert.pa\/wp-content\/uploads\/2025\/02\/Purpura-Moderno-Tecnologia-y-Videojuegos-Logotipo-1-150x150.jpg 150w\" sizes=\"(max-width: 500px) 100vw, 500px\" \/><\/a><\/figure>\n\n\n\n<p>Infograf\u00eda: <a href=\"https:\/\/cert.pa\/wp-content\/uploads\/2026\/03\/Infografia-Base-de-datos.pdf\" target=\"_blank\" rel=\"noopener\" title=\"\">Base de Datos<\/a><\/p>\n<\/div>\n<\/div>\n\n\n\n<hr class=\"wp-block-separator has-alpha-channel-opacity is-style-dots\"\/>\n","protected":false},"excerpt":{"rendered":"<p>Infograf\u00eda: WORDPRESS Infograf\u00eda: JOOMLA Infograf\u00eda: DRUPAL Infograf\u00eda: Top_10_OWASP Infograf\u00eda: WordPress Infograf\u00eda: Servidores Web Linux Infograf\u00eda: Base de Datos<\/p>\n","protected":false},"author":4,"featured_media":0,"parent":0,"menu_order":0,"comment_status":"closed","ping_status":"closed","template":"","meta":{"om_disable_all_campaigns":false,"_monsterinsights_skip_tracking":false,"_monsterinsights_sitenote_active":false,"_monsterinsights_sitenote_note":"","_monsterinsights_sitenote_category":0,"_uf_show_specific_survey":0,"_uf_disable_surveys":false,"footnotes":""},"class_list":["post-1535","page","type-page","status-publish","hentry"],"_links":{"self":[{"href":"https:\/\/cert.pa\/index.php?rest_route=\/wp\/v2\/pages\/1535","targetHints":{"allow":["GET"]}}],"collection":[{"href":"https:\/\/cert.pa\/index.php?rest_route=\/wp\/v2\/pages"}],"about":[{"href":"https:\/\/cert.pa\/index.php?rest_route=\/wp\/v2\/types\/page"}],"author":[{"embeddable":true,"href":"https:\/\/cert.pa\/index.php?rest_route=\/wp\/v2\/users\/4"}],"replies":[{"embeddable":true,"href":"https:\/\/cert.pa\/index.php?rest_route=%2Fwp%2Fv2%2Fcomments&post=1535"}],"version-history":[{"count":37,"href":"https:\/\/cert.pa\/index.php?rest_route=\/wp\/v2\/pages\/1535\/revisions"}],"predecessor-version":[{"id":5031,"href":"https:\/\/cert.pa\/index.php?rest_route=\/wp\/v2\/pages\/1535\/revisions\/5031"}],"wp:attachment":[{"href":"https:\/\/cert.pa\/index.php?rest_route=%2Fwp%2Fv2%2Fmedia&parent=1535"}],"curies":[{"name":"wp","href":"https:\/\/api.w.org\/{rel}","templated":true}]}}